f z?
4
Let f be -2*2/8*-12. Suppose 4*j = f*j - 18. Let m = j - -1. What is the units digit of m?
0
Let z(h) = 3*h**2 + 1. Let q be (-2)/4 - 12/(-8). What is the units digit of z(q)?
4
What is the units digit of (-5 + 11)/((-4)/(-22))?
3
Suppose t + 3*d + 414 = 4*t, 0 = 4*t + 3*d - 566. What is the tens digit of t?
4
Suppose -5*s + 3*c + 40 = 0, 5*s - 40 = s + 4*c. Suppose -14 = -s*t + 4*t. Suppose 2*h + 4 = t. What is the units digit of h?
5
Let d = 5 - -15. What is the units digit of d?
0
Suppose d - 4 = 0, -4*u + 0*u + 644 = 2*d. Suppose 5*t = 2*t + u. What is the units digit of t?
3
Let y(b) = 47*b**3 - b**2 + 2*b - 1. Let w be y(1). What is the units digit of w/5 + (-8)/20?
9
Let c(w) = w**3 - 5*w**2 + 3*w - 3. Let r be c(4). Let f = -2 - r. Let d(n) = -n**2 + 7*n - 1. What is the units digit of d(f)?
9
What is the units digit of 17 + 1 + 4 + -2 + -4?
6
Suppose -24 = -3*y - y. Let w be y/(-4)*(-9 + 7). What is the units digit of 9/2 - w/(-6)?
5
Let t = -14 + 115. What is the hundreds digit of t?
1
Let g(k) = k**2 - 5*k - 1. Let i be g(3). Let h = i - -10. What is the units digit of h?
3
Suppose -7*v = -5*v + 12. Let z(b) = -b**3 - 7*b**2 - 6*b. Let r be z(v). Suppose -4*j = -a - 32, r = -0*a - 2*a. What is the units digit of j?
8
Let u(q) = q**2 - 5*q - 3. Suppose s - 3*s = -68. Suppose -y + 3*t + 22 = -t, t + s = 5*y. What is the units digit of u(y)?
3
Suppose q - 41 + 7 = 0. What is the units digit of q?
4
Let c(o) = 2*o - 1. What is the units digit of c(9)?
7
Let n be (1/(-3))/((-3)/36). Let y = 14 + n. What is the tens digit of y?
1
Let f(d) = -1 + 2*d + 1. Let m = 6 + 3. What is the tens digit of f(m)?
1
Let b = -15 - -8. Let f = 13 + b. Suppose f = 2*h - 12. What is the units digit of h?
9
Suppose -4*d + 441 = 3*l, -d = -2*l + l - 112. What is the hundreds digit of d?
1
Let a = -1 + 23. What is the units digit of a?
2
Let o be -3*(2 + (-12)/(-9)). What is the tens digit of 80/2 + o + 14?
4
Let s = -21 - -34. What is the tens digit of s?
1
Suppose 2*p = -3*p + 10. Suppose p*w - 3*w = -4. Suppose -3*b + 4 + 22 = w*v, 0 = 3*b - 6. What is the units digit of v?
5
Let o(d) = 2*d**2 - 2*d + 4. Let s be o(0). Let n(p) = 9*p**2 - 1. Let y be n(-1). Let a = y - s. What is the units digit of a?
4
Let s be -2*((-5)/2)/5. Let j be (50/(-8))/(s/(-4)). Suppose -9 - 20 = -q - 5*n, -5*n = -j. What is the units digit of q?
4
Let z(q) = q**3 + 8*q**2 + 8*q + 10. Let h be z(-7). Suppose r + 3*v + 5 + 9 = 0, -4*v - 17 = h*r. What is the units digit of r?
1
Let d be -4 + 5 + (1 - -2). Let j be d - 2 - (-1 + -7). Suppose -2*n = -j - 26. What is the units digit of n?
8
Let k(p) = 3*p**2 + 11*p + 12. What is the units digit of k(-6)?
4
Suppose -22*r + 290 = 26. What is the units digit of r?
2
Suppose -3 = n - 23. Let r = -13 + n. What is the units digit of r?
7
Suppose -2*j = -3*j + 4. Suppose r - m - j*m = 23, 2*r + 2*m + 14 = 0. What is the units digit of r*(-21)/24*4?
7
What is the units digit of ((-180)/(-2))/(48/32)?
0
Let u(f) = -f**2 - 7*f + 8. Let j be u(-6). Suppose -4*o + j + 42 = 0. What is the tens digit of o?
1
Let n(m) = -m + 3. Let c be n(4). Let a = 15 + c. What is the tens digit of a?
1
Let v be (-8)/28 + (-44)/(-7). Suppose -q + 40 = 3*a, 2*a - 46 + v = -4*q. What is the units digit of a?
2
Let b be (-46 + -2)*(-10)/8. Suppose -3*u - 5 = -c, 0 = 2*c - u + 5*u - b. What is the units digit of c?
0
Suppose 14 - 39 = 5*o. What is the units digit of (4 + o)/((-1)/37)?
7
Suppose 4*n - 7 = 4*x + 5, 0 = -4*n + 5*x + 13. Let b be n/(1*-4)*0. Suppose 6*y - 3*y - 3*p + 9 = b, y - 5*p = -19. What is the units digit of y?
1
Suppose 4*y - 4 = 4*w, -y = 2*w - 7 - 6. Suppose -2*k - 4 = -3*v, 2*k - y*v + 7 = -k. What is the units digit of k?
1
Let g(s) = -21*s - 7. What is the units digit of g(-5)?
8
Let r be (3 + 2)/(35/14). Suppose 2*g + 8 = 0, -m + g + r*g = -47. What is the tens digit of m?
3
Let o(n) be the third derivative of -n**6/120 - n**5/30 - n**4/8 + n**3/2 - n**2. Let h be o(3). What is the units digit of h/(-7) - 8/28?
7
Suppose -i - 75 = -4*i. What is the tens digit of i?
2
Let c(n) = 8*n - 9. Let i be c(6). Let m = i + -16. What is the units digit of m?
3
Let o(k) = -6*k + 8. Let f(q) = -q + 1. Let g(n) = 10*f(n) - 2*o(n). What is the units digit of g(6)?
6
Let h = 38 + -4. What is the tens digit of h?
3
Let g = -3 + 3. Let v(j) = j**3 + j**2 - j + 11. Let l be v(g). What is the units digit of (3/(-3))/((-1)/l)?
1
Suppose -h = -2*h + 2*p + 17, 0 = 4*p. What is the units digit of h?
7
Let q = -5 - -13. Suppose q = 8*j - 4*j. What is the units digit of j?
2
What is the tens digit of 172/3 + 20/(-15)?
5
Let m = 167 - 11. What is the hundreds digit of m?
1
Suppose 2*j = 6*j - 96. What is the units digit of j?
4
Suppose -4*c + 20 = 2*f - 4*f, 11 = f + 5*c. Let q(j) = j**3 + 3*j**2 - 5*j - 3. Let k be q(f). Let m(w) = 7*w**2 + 2*w - 1. What is the units digit of m(k)?
8
Suppose 4*l - 4*y + 32 = 0, 0 = l + 4*l + y + 28. Let n = l - -12. What is the units digit of n?
6
Suppose 4*v + 2 = 122. What is the tens digit of v?
3
Let d(b) = -b**3 + 2*b**2 + b. Let i be d(2). What is the tens digit of 29 - (15/3 - i)?
2
Suppose -12 = 5*w - 152. Suppose -j = 3*t - w, t + 4*t - 44 = j. Suppose z = -0*z + t. What is the units digit of z?
9
Suppose -7*r + 3*r = -28. Let o(z) = -2*z**2 - 6*z - 12. Let w(d) = d**2 + 1. Let a(n) = -o(n) - 3*w(n). What is the units digit of a(r)?
2
Let d be 8/20 + 4/(-10). Suppose d = -w - w + 130. Suppose 0*p + w = 5*p - 5*s, 3*s = -12. What is the units digit of p?
9
Let x(r) = 3*r - 4. What is the units digit of x(6)?
4
Let w(d) = -4*d. Let k be w(-1). Suppose b + k = 0, 3*b - 4*b - 129 = -5*v. What is the units digit of v?
5
Let a(m) = m**3 + 4*m**2 - m. Suppose -2 = k + 2. Let c be a(k). What is the units digit of 32/5 - c/10?
6
Let l(n) = 2*n**2 - 7*n + 5. What is the units digit of l(5)?
0
Suppose -4*l = l - 2*p + 412, 2*l + 184 = -4*p. Let w = -58 - l. What is the tens digit of w?
2
Suppose 13 + 7 = 5*p. Suppose 370 = 3*d + 118. Suppose p*g + 16 = d. What is the units digit of g?
7
Suppose 4*f = i - 280, 5*i + f + 5 = 1489. What is the tens digit of i?
9
Let j be -2 + 4/4 + -87. What is the units digit of (-1)/(2/j) + 0?
4
Let o = -11 - -14. Suppose o*l = l. Suppose w - 12 - 1 = l. What is the tens digit of w?
1
Suppose -5*v - 10 = -0*v. Let g be (-1)/(-4) - v/(-8). Suppose 4*p - 3*c - 28 = g, p - 5 = -2*c + 2. What is the units digit of p?
7
Suppose 4*d - 120 = -d. Suppose -5*t = -2*n + 5, -3*n + d = 3*t - 5*t. What is the tens digit of n?
1
Let l = 7 + -4. Let y be 3/l + 0 + 10. Let q = y - 3. What is the units digit of q?
8
Suppose -2*x - 4 - 2 = 0. Let z = x + 1. What is the units digit of z + 2*5 + -1?
7
Let q(v) = 6*v + 5. What is the units digit of q(4)?
9
Suppose 0 = -4*r - 2*n + 70, 5*n + 64 = 4*r - 41. Suppose 18*m - r*m = -62. What is the units digit of m?
1
Suppose -60 = a - 4*a. Suppose -a = 2*p - 7*p. Suppose -2*n + p*n - 4 = 0. What is the units digit of n?
2
Let s = -34 - -78. What is the tens digit of s?
4
Let i = -1 + 0. Let d = i + 2. What is the units digit of d?
1
Suppose 40 = 3*r - 179. What is the units digit of r?
3
Let q(o) = -o**3 + 5*o**2 + 7*o - 9. Let w be q(6). What is the units digit of 28 - w - -3 - 3?
1
Let z be (-1 - -7) + 4/(-2). Suppose 4*w + 44 = -z*g, 0 = -w - w - 3*g - 26. What is the units digit of (-1)/(0 - (-1)/w)?
7
Let i be (0 - (-2 + 4))*-1. Let h be (-159)/(-7) + i/7. Suppose -2*y + 5*z - 31 = -6*y, -3*y = 4*z - h. What is the units digit of y?
9
Let f(x) = x**2 + 5*x - 4. Let s be f(-6). Suppose -s*m = -m - 7. Suppose 4*k + 3 = m. What is the units digit of k?
1
Suppose -651 = -3*j - 0*j + 2*w, -4*j + 854 = 2*w. What is the units digit of j?
5
What is the tens digit of (1099 + 11)*2/6?
7
Suppose 3*k + 40 = -5. Let t(v) = v**2 + 15*v + 15. What is the tens digit of t(k)?
1
Let z = 134 + -49. What is the units digit of z?
5
What is the units digit of (4 - (5 + 0))*-1?
1
Let h(n) = -6*n. Let d(b) = -b. Let l(a) = -4*d(a) + h(a). Let j be l(2). What is the tens digit of (j + 3)*(-13 - 1)?
1
Let m be 6/(3 - 0) + 1. Suppose 5*p + w = 37, 2*w = 3*w + m. Suppose q = -2*g, -6*q + 2*q - p = 0. What is the units digit of g?
1
Let q(r) = -r**2 - 8*r + 12. Let x(o) = 6*o + 3. Let s be